{"id":1960,"date":"2019-10-10T15:32:28","date_gmt":"2019-10-10T13:32:28","guid":{"rendered":"http:\/\/sensyma.com\/?page_id=1960"},"modified":"2021-08-14T17:46:05","modified_gmt":"2021-08-14T15:46:05","slug":"tous-nos-ateliers","status":"publish","type":"page","link":"https:\/\/www.sensyma.com\/?page_id=1960","title":{"rendered":"Tous nos ateliers"},"content":{"rendered":"<p>[et_pb_section fb_built=\u00a0\u00bb1&Prime; _builder_version=\u00a0\u00bb3.19&Prime;][et_pb_row _builder_version=\u00a0\u00bb3.19&Prime;][et_pb_column type=\u00a0\u00bb4_4&Prime; _builder_version=\u00a0\u00bb3.19&Prime; parallax=\u00a0\u00bboff\u00a0\u00bb parallax_method=\u00a0\u00bbon\u00a0\u00bb][et_pb_text _builder_version=\u00a0\u00bb3.19&Prime; text_font=\u00a0\u00bbVesper Libre|700|||||||\u00a0\u00bb text_text_color=\u00a0\u00bb#000000&Prime; text_font_size=\u00a0\u00bb45px\u00a0\u00bb text_line_height=\u00a0\u00bb1.8em\u00a0\u00bb header_font=\u00a0\u00bb||||||||\u00a0\u00bb background_color=\u00a0\u00bb#9b9b9b\u00a0\u00bb text_orientation=\u00a0\u00bbcenter\u00a0\u00bb]Tous nos ateliers[\/et_pb_text][\/et_pb_column][\/et_pb_row][et_pb_row _builder_version=\u00a0\u00bb3.19&Prime;][et_pb_column type=\u00a0\u00bb4_4&Prime; _builder_version=\u00a0\u00bb3.19&Prime; parallax=\u00a0\u00bboff\u00a0\u00bb parallax_method=\u00a0\u00bbon\u00a0\u00bb][et_pb_text _builder_version=\u00a0\u00bb3.19&Prime; text_font=\u00a0\u00bb|800|||||||\u00a0\u00bb text_text_color=\u00a0\u00bb#e09900&Prime; text_font_size=\u00a0\u00bb35px\u00a0\u00bb text_line_height=\u00a0\u00bb2em\u00a0\u00bb background_color=\u00a0\u00bb#000000&Prime;]<\/p>\n<p style=\"text-align: center;\">Les ateliers de Psycho G\u00e9n\u00e9alogie<\/p>\n<p>[\/et_pb_text][\/et_pb_column][\/et_pb_row][et_pb_row make_equal=\u00a0\u00bbon\u00a0\u00bb _builder_version=\u00a0\u00bb3.19&Prime;][et_pb_column type=\u00a0\u00bb1_3&Prime; _builder_version=\u00a0\u00bb3.19&Prime; parallax=\u00a0\u00bboff\u00a0\u00bb parallax_method=\u00a0\u00bbon\u00a0\u00bb][et_pb_text _builder_version=\u00a0\u00bb3.19&Prime; text_font=\u00a0\u00bb||||||||\u00a0\u00bb link_font=\u00a0\u00bb||||||||\u00a0\u00bb link_text_align=\u00a0\u00bbleft\u00a0\u00bb link_text_color=\u00a0\u00bb#e09900&Prime; header_font=\u00a0\u00bb||||||||\u00a0\u00bb header_text_color=\u00a0\u00bb#e09900&Prime; header_line_height=\u00a0\u00bb1.2em\u00a0\u00bb header_3_font=\u00a0\u00bb||||||||\u00a0\u00bb box_shadow_style=\u00a0\u00bbpreset6&Prime;]<\/p>\n<h1 style=\"text-align: center;\"><\/h1>\n<h1 style=\"text-align: center;\">Gu\u00e9rir ses blessures int\u00e9rieures<\/h1>\n<p><span>Abandon, Rejet, Trahison, Humiliation, Injustice &#8230; Les blessures d\u2019Amour impactent nos vies, familiale, professionnelle, soci\u00e9tale. Elles nous emprisonnent dans des sch\u00e9mas comportementaux anti-relationnels.<\/span>Vous d\u00e9veloppez un mal-amour de vous-m\u00eame et vous \u00eates mal-heureux.<\/p>\n<p>Osez dire Stop !!!<br \/> Autorisez-vous \u00e0 visiter votre BLESSURE !<\/p>\n<h3 style=\"text-align: center;\">Pour en savoir plus , <a href=\"https:\/\/www.sensyma.com\/?page_id=2806\" target=\"_blank\" rel=\"noopener noreferrer\" title=\"gu\u00e9rir ses blessures int\u00e9rieures\">cliquez-ici<\/a><\/h3>\n<p>[\/et_pb_text][\/et_pb_column][et_pb_column type=\u00a0\u00bb1_3&Prime; _builder_version=\u00a0\u00bb3.19&Prime; parallax=\u00a0\u00bboff\u00a0\u00bb parallax_method=\u00a0\u00bbon\u00a0\u00bb][et_pb_text _builder_version=\u00a0\u00bb3.19&Prime; text_font=\u00a0\u00bb||||||||\u00a0\u00bb link_font=\u00a0\u00bb||||||||\u00a0\u00bb link_text_color=\u00a0\u00bb#e09900&Prime; header_2_font=\u00a0\u00bb||||||||\u00a0\u00bb header_2_text_align=\u00a0\u00bbcenter\u00a0\u00bb header_2_text_color=\u00a0\u00bb#e09900&Prime; header_2_font_size=\u00a0\u00bb28px\u00a0\u00bb header_3_font=\u00a0\u00bb||||||||\u00a0\u00bb box_shadow_style=\u00a0\u00bbpreset6&Prime; link_option_url=\u00a0\u00bbhttps:\/\/www.sensyma.com\/?page_id=2806&Prime; link_option_url_new_window=\u00a0\u00bbon\u00a0\u00bb]<\/p>\n<h2>Gu\u00e9rir sa blessure de rejet<\/h2>\n<p>Si la moindre sollicitation vous met \u00ab\u00a0en panique\u00a0\u00bb, si votre relation \u00e0 l\u2019autre vous incite \u00e0 fuir ou \u00e0 disparaitre\u00a0; Si vous avez du mal \u00e0 vous positionner, pire\u00a0! \u00e0 exister \u2026 Venez\u00a0visiter votre BLESSURE de REJET.<\/p>\n<p>Venez lui faire face, pour entendre son message, pour la comprendre, la soigner, la gu\u00e9rir.<\/p>\n<p>Venez, pour vous lib\u00e9rer de vos croyances ; vous connecter \u00e0 vos ressources, vos \u00e9motions, vos besoins.<\/p>\n<h3>Pour en savoir plus , <a href=\"https:\/\/www.sensyma.com\/?page_id=2892\" target=\"_blank\" rel=\"noopener noreferrer\" title=\"gu\u00e9rir sa blessure de rejet\">cliquez-ici\u00a0<\/a><\/h3>\n<p><span><\/span><\/p>\n<p>[\/et_pb_text][\/et_pb_column][et_pb_column type=\u00a0\u00bb1_3&Prime; _builder_version=\u00a0\u00bb3.19&Prime; parallax=\u00a0\u00bboff\u00a0\u00bb parallax_method=\u00a0\u00bbon\u00a0\u00bb][et_pb_text _builder_version=\u00a0\u00bb3.19&Prime; text_font=\u00a0\u00bb||||||||\u00a0\u00bb link_font=\u00a0\u00bb||||||||\u00a0\u00bb link_text_align=\u00a0\u00bbcenter\u00a0\u00bb link_text_color=\u00a0\u00bb#e09900&Prime; header_font=\u00a0\u00bb||||||||\u00a0\u00bb header_text_align=\u00a0\u00bbcenter\u00a0\u00bb header_text_color=\u00a0\u00bb#e09900&Prime; header_line_height=\u00a0\u00bb0.9em\u00a0\u00bb header_3_font=\u00a0\u00bb||||||||\u00a0\u00bb box_shadow_style=\u00a0\u00bbpreset6&Prime;]<\/p>\n<h1><strong><\/strong><\/h1>\n<h1><strong><\/strong><\/h1>\n<p>&nbsp;<\/p>\n<h3 style=\"text-align: center;\">Pour en savoir plus , <a href=\"https:\/\/www.sensyma.com\/?page_id=1483\" target=\"_blank\" rel=\"noopener noreferrer\">cliquez-ici<\/a><\/h3>\n<p>[\/et_pb_text][\/et_pb_column][\/et_pb_row][et_pb_row make_equal=\u00a0\u00bbon\u00a0\u00bb _builder_version=\u00a0\u00bb3.19&Prime;][et_pb_column type=\u00a0\u00bb1_3&Prime; _builder_version=\u00a0\u00bb3.19&Prime; parallax=\u00a0\u00bboff\u00a0\u00bb parallax_method=\u00a0\u00bbon\u00a0\u00bb][et_pb_text _builder_version=\u00a0\u00bb3.19&Prime; text_font=\u00a0\u00bb||||||||\u00a0\u00bb link_font=\u00a0\u00bb||||||||\u00a0\u00bb link_text_align=\u00a0\u00bbleft\u00a0\u00bb link_text_color=\u00a0\u00bb#e09900&Prime; header_font=\u00a0\u00bb||||||||\u00a0\u00bb header_text_color=\u00a0\u00bb#e09900&Prime; header_3_font=\u00a0\u00bb||||||||\u00a0\u00bb box_shadow_style=\u00a0\u00bbpreset6&Prime;]<\/p>\n<h1 style=\"text-align: center;\">Ce qui fait mon identit\u00e9<\/h1>\n<p style=\"text-align: left;\">En naissant, nous h\u00e9ritons d\u2019un syst\u00e8me de valeurs, de croyances et de comportements, qui d\u00e9terminent nos choix de vie.<\/p>\n<p style=\"text-align: left;\">Echecs ou r\u00e9ussites, notre pass\u00e9 ancestral familial influe sur notre fa\u00e7on de vivre le pr\u00e9sent et de concevoir le futur<\/p>\n<h3 style=\"text-align: center;\">Pour en savoir plus , <a href=\"https:\/\/www.sensyma.com\/?page_id=1482\" target=\"_blank\" rel=\"noopener noreferrer\">cliquez-ici<\/a><\/h3>\n<p>[\/et_pb_text][\/et_pb_column][et_pb_column type=\u00a0\u00bb1_3&Prime; _builder_version=\u00a0\u00bb3.19&Prime; parallax=\u00a0\u00bboff\u00a0\u00bb parallax_method=\u00a0\u00bbon\u00a0\u00bb][et_pb_text _builder_version=\u00a0\u00bb3.19&Prime; text_font=\u00a0\u00bb||||||||\u00a0\u00bb link_font=\u00a0\u00bb||||||||\u00a0\u00bb link_text_color=\u00a0\u00bb#e09900&Prime; header_2_font=\u00a0\u00bb||||||||\u00a0\u00bb header_2_text_align=\u00a0\u00bbcenter\u00a0\u00bb header_2_text_color=\u00a0\u00bb#e09900&Prime; header_2_font_size=\u00a0\u00bb28px\u00a0\u00bb header_3_font=\u00a0\u00bb||||||||\u00a0\u00bb box_shadow_style=\u00a0\u00bbpreset6&Prime;]<\/p>\n<h2>\u00catre \u00e0 sa juste place<\/h2>\n<p>\u00catre en famille, en entreprise, en soci\u00e9t\u00e9, avec la sensation de ne pas \u00eatre \u00e0 notre place !<\/p>\n<p><span><\/span><span>Et si la place que nous occupions n\u2019\u00e9tait pas la n\u00f4tre ? et si nous nous autorisions \u00e0 \u2026 Prendre Notre Place<\/span><\/p>\n<h3>Pour en savoir plus , <a href=\"https:\/\/www.sensyma.com\/?page_id=297\" target=\"_blank\" rel=\"noopener noreferrer\">cliquez-ici&nbsp;<\/a><\/h3>\n<p><span><\/span>[\/et_pb_text][\/et_pb_column][et_pb_column type=\u00a0\u00bb1_3&Prime; _builder_version=\u00a0\u00bb3.19&Prime; parallax=\u00a0\u00bboff\u00a0\u00bb parallax_method=\u00a0\u00bbon\u00a0\u00bb][et_pb_text _builder_version=\u00a0\u00bb3.19&Prime; text_font=\u00a0\u00bb||||||||\u00a0\u00bb link_font=\u00a0\u00bb||||||||\u00a0\u00bb link_text_align=\u00a0\u00bbcenter\u00a0\u00bb link_text_color=\u00a0\u00bb#e09900&Prime; header_font=\u00a0\u00bb||||||||\u00a0\u00bb header_text_align=\u00a0\u00bbcenter\u00a0\u00bb header_text_color=\u00a0\u00bb#e09900&Prime; header_line_height=\u00a0\u00bb0.9em\u00a0\u00bb header_3_font=\u00a0\u00bb||||||||\u00a0\u00bb box_shadow_style=\u00a0\u00bbpreset6&Prime;]<\/p>\n<h1><strong><\/strong><\/h1>\n<h1><strong><\/strong><\/h1>\n<h1><strong>M&rsquo;aimer plus, <\/strong><\/h1>\n<h1><strong>pour t&rsquo;aimer mieux<\/strong><\/h1>\n<p>&nbsp;<\/p>\n<p>Vous \u00eates mal-heureux (se)!<\/p>\n<p>Un week-end \u00e0 d\u00e9crypter vos \u00ab je t\u2019aime moi non plus \u00bb !<\/p>\n<p>Un week-end pour amorcer l\u2019\u00e9quilibre dans votre \u00ab donner-recevoir \u00bb ! \u00c7a vous dit !<\/p>\n<h3 style=\"text-align: center;\">Pour en savoir plus , <a href=\"https:\/\/www.sensyma.com\/?page_id=1483\" target=\"_blank\" rel=\"noopener noreferrer\">cliquez-ici<\/a><\/h3>\n<p>[\/et_pb_text][\/et_pb_column][\/et_pb_row][et_pb_row _builder_version=\u00a0\u00bb3.19&Prime;][et_pb_column type=\u00a0\u00bb1_3&Prime; _builder_version=\u00a0\u00bb3.19&Prime; parallax=\u00a0\u00bboff\u00a0\u00bb parallax_method=\u00a0\u00bbon\u00a0\u00bb][et_pb_text _builder_version=\u00a0\u00bb3.19&Prime; text_font=\u00a0\u00bb||||||||\u00a0\u00bb link_font=\u00a0\u00bb||||||||\u00a0\u00bb link_text_color=\u00a0\u00bb#e09900&Prime; header_2_font=\u00a0\u00bb||||||||\u00a0\u00bb header_2_text_color=\u00a0\u00bb#e09900&Prime; box_shadow_style=\u00a0\u00bbpreset6&Prime;]<\/p>\n<h2 style=\"text-align: center;\"><span>L\u2019Amour en h\u00e9ritages<\/span><\/h2>\n<p><span>D\u2019hier \u00e0 aujourd\u2019hui, de g\u00e9n\u00e9ration en g\u00e9n\u00e9ration, comment avez-vous appris \u00e0 aimer ? <\/span><\/p>\n<p><span>Vous savez donner mais savez-vous comment recevoir ? <\/span><\/p>\n<p><span>Et si vous acceptiez de vous lib\u00e9rer, de vous Aimer mieux pour Aimer autrement vos conjoints et vos enfants !<\/span><\/p>\n<h3 style=\"text-align: center;\">Pour en savoir plus , <a href=\"https:\/\/www.sensyma.com\/?page_id=378\" target=\"_blank\" rel=\"noopener noreferrer\">cliquez-ici&nbsp;<\/a><\/h3>\n<p>[\/et_pb_text][\/et_pb_column][et_pb_column type=\u00a0\u00bb1_3&Prime; _builder_version=\u00a0\u00bb3.19&Prime; parallax=\u00a0\u00bboff\u00a0\u00bb parallax_method=\u00a0\u00bbon\u00a0\u00bb][et_pb_text _builder_version=\u00a0\u00bb3.19&Prime; text_font=\u00a0\u00bb||||||||\u00a0\u00bb link_font=\u00a0\u00bb||||||||\u00a0\u00bb link_text_color=\u00a0\u00bb#e09900&Prime; header_font=\u00a0\u00bb||||||||\u00a0\u00bb header_2_font=\u00a0\u00bb||||||||\u00a0\u00bb header_2_text_color=\u00a0\u00bb#e09900&Prime; box_shadow_style=\u00a0\u00bbpreset6&Prime;]<\/p>\n<h2 style=\"text-align: center;\"><span>Oser Aimer autrement<\/span><\/h2>\n<p>Vous souffrez de troubles qui ont atteints vos m\u00e8res, vos grand-m\u00e8res, vos arri\u00e8re-grand-m\u00e8res.<\/p>\n<p>Vos blocages, vos freins, vos col\u00e8res, vos peurs, vous appartiennent-ils&nbsp;?<\/p>\n<p><span>Faites la paix avec vos a\u00efeules&nbsp;! Affranchissez-vous des \u00ab&nbsp;fatalit\u00e9s&nbsp;\u00bb trans g\u00e9n\u00e9rationnelles&nbsp;! <\/span><\/p>\n<h3>Pour en savoir plus , <a href=\"https:\/\/www.sensyma.com\/?page_id=2375\" target=\"_blank\" rel=\"noopener noreferrer\">cliquez-ici<\/a><\/h3>\n<p>[\/et_pb_text][\/et_pb_column][et_pb_column type=\u00a0\u00bb1_3&Prime; _builder_version=\u00a0\u00bb3.19&Prime; parallax=\u00a0\u00bboff\u00a0\u00bb parallax_method=\u00a0\u00bbon\u00a0\u00bb][\/et_pb_column][\/et_pb_row][\/et_pb_section][et_pb_section fb_built=\u00a0\u00bb1&Prime; _builder_version=\u00a0\u00bb3.19&Prime;][et_pb_row custom_padding=\u00a0\u00bb1px||0px\u00a0\u00bb _builder_version=\u00a0\u00bb3.19&Prime; background_color=\u00a0\u00bb#000000&Prime;][et_pb_column type=\u00a0\u00bb4_4&Prime; _builder_version=\u00a0\u00bb3.19&Prime; parallax=\u00a0\u00bboff\u00a0\u00bb parallax_method=\u00a0\u00bbon\u00a0\u00bb][et_pb_text _builder_version=\u00a0\u00bb3.19&Prime; text_font=\u00a0\u00bb||||||||\u00a0\u00bb header_font=\u00a0\u00bb|800|||||||\u00a0\u00bb header_text_align=\u00a0\u00bbcenter\u00a0\u00bb header_text_color=\u00a0\u00bb#e09900&Prime; header_font_size=\u00a0\u00bb35px\u00a0\u00bb header_line_height=\u00a0\u00bb2em\u00a0\u00bb]<\/p>\n<h1 style=\"text-align: center;\">Les ateliers du Relationnel<\/h1>\n<p>[\/et_pb_text][\/et_pb_column][\/et_pb_row][et_pb_row _builder_version=\u00a0\u00bb3.19&Prime;][et_pb_column type=\u00a0\u00bb1_3&Prime; _builder_version=\u00a0\u00bb3.19&Prime; parallax=\u00a0\u00bboff\u00a0\u00bb parallax_method=\u00a0\u00bbon\u00a0\u00bb][et_pb_text _builder_version=\u00a0\u00bb3.19&Prime; link_font=\u00a0\u00bb||||||||\u00a0\u00bb link_text_color=\u00a0\u00bb#e09900&Prime; header_2_font=\u00a0\u00bb||||||||\u00a0\u00bb header_2_text_color=\u00a0\u00bb#e09900&Prime; border_width_all=\u00a0\u00bb1px\u00a0\u00bb box_shadow_style=\u00a0\u00bbpreset6&Prime; link_option_url=\u00a0\u00bbhttps:\/\/www.sensyma.com\/?page_id=1484&Prime;]<\/p>\n<h2 style=\"text-align: center;\"><strong>\u00catre Femme au F\u00e9minin<\/strong><\/h2>\n<p style=\"text-align: left; padding-left: 60px;\">Atelier 1 :&nbsp; La Femme que je suis<\/p>\n<p style=\"text-align: left; padding-left: 60px;\">Atelier 2 : La Femme que je veux \u00catre<\/p>\n<p style=\"text-align: left; padding-left: 60px;\">Atelier 3 : F\u00e9minit\u00e9 et Estime de Soi<\/p>\n<p style=\"text-align: left; padding-left: 60px;\">Atelier 4 : F\u00e9minit\u00e9 et Affirmation de Soi<\/p>\n<h3 style=\"text-align: center;\">Pour en savoir plus , <a href=\"https:\/\/www.sensyma.com\/?page_id=1484\" target=\"_blank\" rel=\"noopener noreferrer\">cliquez-ici&nbsp;<\/a><\/h3>\n<p>[\/et_pb_text][\/et_pb_column][et_pb_column type=\u00a0\u00bb1_3&Prime; _builder_version=\u00a0\u00bb3.19&Prime; parallax=\u00a0\u00bboff\u00a0\u00bb parallax_method=\u00a0\u00bbon\u00a0\u00bb][et_pb_text _builder_version=\u00a0\u00bb3.19&Prime; text_font=\u00a0\u00bb||||||||\u00a0\u00bb link_font=\u00a0\u00bb||||||||\u00a0\u00bb link_text_color=\u00a0\u00bb#e09900&Prime; header_font=\u00a0\u00bb||||||||\u00a0\u00bb header_line_height=\u00a0\u00bb0.7em\u00a0\u00bb header_2_font=\u00a0\u00bb||||||||\u00a0\u00bb header_2_text_color=\u00a0\u00bb#e09900&Prime; header_2_line_height=\u00a0\u00bb0.9em\u00a0\u00bb border_width_all=\u00a0\u00bb1px\u00a0\u00bb box_shadow_style=\u00a0\u00bbpreset6&Prime;]<\/p>\n<h2 style=\"text-align: center;\"><span><strong><\/strong><\/span><\/h2>\n<h2 style=\"text-align: center;\"><span><strong>Image int\u00e9rieure <\/strong><\/span><\/h2>\n<h2 style=\"text-align: center;\"><span><strong>et <\/strong><\/span><\/h2>\n<h2 style=\"text-align: center;\"><span><strong>Estime de Soi<\/strong><\/span><\/h2>\n<p><span><\/span><\/p>\n<p style=\"padding-left: 30px;\"><span>Atelier 1 : Identifier les freins \u00e0 l\u2019estime de soi<\/span><\/p>\n<p style=\"padding-left: 30px;\">Atelier 2\u00a0: Evaluer et valoriser son potentiel<\/p>\n<p style=\"padding-left: 30px;\">Atelier 3 : Se reconna\u00eetre et s\u2019accepter?<\/p>\n<h3 style=\"text-align: center;\">\u00a0Pour en savoir plus , <a href=\"https:\/\/www.sensyma.com\/?page_id=1878\" target=\"_blank\" rel=\"noopener noreferrer\">cliquez-ici<\/a><\/h3>\n<p>[\/et_pb_text][\/et_pb_column][et_pb_column type=\u00a0\u00bb1_3&Prime; _builder_version=\u00a0\u00bb3.19&Prime; parallax=\u00a0\u00bboff\u00a0\u00bb parallax_method=\u00a0\u00bbon\u00a0\u00bb][et_pb_text _builder_version=\u00a0\u00bb3.19&Prime; text_font=\u00a0\u00bb||||||||\u00a0\u00bb link_font=\u00a0\u00bb||||||||\u00a0\u00bb link_text_color=\u00a0\u00bb#e09900&Prime; header_2_font=\u00a0\u00bb||||||||\u00a0\u00bb header_2_text_color=\u00a0\u00bb#e09900&Prime; header_2_line_height=\u00a0\u00bb0.9em\u00a0\u00bb border_width_all=\u00a0\u00bb1px\u00a0\u00bb box_shadow_style=\u00a0\u00bbpreset6&Prime;]<\/p>\n<h2 style=\"text-align: center;\"><span><strong><\/strong><\/span><\/h2>\n<h2 style=\"text-align: center;\"><span><strong><\/strong><\/span><\/h2>\n<h2 style=\"text-align: center;\"><span><strong>Image ext\u00e9rieure <\/strong><\/span><\/h2>\n<h2 style=\"text-align: center;\"><span><strong>et <\/strong><\/span><\/h2>\n<h2 style=\"text-align: center;\"><span><strong>Affirmation de Soi<\/strong><\/span><\/h2>\n<p>Atelier 1 : Comment communiquez-vous ?<\/p>\n<p>Atelier 2 : S\u2019affirmer au quotidien<\/p>\n<p>Atelier 3 :\u00catre et Donner \u00e0 voir<\/p>\n<p>Atelier 4 : \u00catre soi et \u00catre en repr\u00e9sentation<\/p>\n<h3 style=\"text-align: center;\">Pour en savoir plus , <a href=\"https:\/\/www.sensyma.com\/?page_id=1909\" target=\"_blank\" rel=\"noopener noreferrer\">cliquez-ici<\/a><\/h3>\n<p>[\/et_pb_text][\/et_pb_column][\/et_pb_row][et_pb_row _builder_version=\u00a0\u00bb3.19&Prime;][et_pb_column type=\u00a0\u00bb1_3&Prime; _builder_version=\u00a0\u00bb3.19&Prime; parallax=\u00a0\u00bboff\u00a0\u00bb parallax_method=\u00a0\u00bbon\u00a0\u00bb][et_pb_text _builder_version=\u00a0\u00bb3.19&Prime; text_font=\u00a0\u00bb||||||||\u00a0\u00bb link_font=\u00a0\u00bb||||||||\u00a0\u00bb link_text_color=\u00a0\u00bb#e09900&Prime; header_font=\u00a0\u00bb||||||||\u00a0\u00bb header_2_font=\u00a0\u00bb||||||||\u00a0\u00bb header_2_text_align=\u00a0\u00bbcenter\u00a0\u00bb header_2_text_color=\u00a0\u00bb#e09900&Prime; border_width_all=\u00a0\u00bb1px\u00a0\u00bb box_shadow_style=\u00a0\u00bbpreset6&Prime;]<\/p>\n<h2><span>Communiquer\u2026 en couple<\/span><\/h2>\n<p><span>Atelier 1 : Clarifier sa relation \u00e0 l\u2019autre<\/span><\/p>\n<p><span>Atelier 2 : R\u00e9tablir une \u00e9coute respectueuse et r\u00e9ciproque<\/span><\/p>\n<p><span>Atelier 3 : Du bienfait de la querelle<\/span><\/p>\n<p><span>Atelier 4 : Exprimer un besoin et se lib\u00e9rer de ses attentes<\/span><\/p>\n<h3 style=\"text-align: center;\">Pour en savoir plus ,&nbsp;<a href=\"https:\/\/www.sensyma.com\/?page_id=1891\" target=\"_blank\" rel=\"noopener noreferrer\">cliquez-ici&nbsp;<\/a><\/h3>\n<p><span><\/span>[\/et_pb_text][\/et_pb_column][et_pb_column type=\u00a0\u00bb1_3&Prime; _builder_version=\u00a0\u00bb3.19&Prime; parallax=\u00a0\u00bboff\u00a0\u00bb parallax_method=\u00a0\u00bbon\u00a0\u00bb][et_pb_text _builder_version=\u00a0\u00bb3.19&Prime; text_font=\u00a0\u00bb||||||||\u00a0\u00bb link_font=\u00a0\u00bb||||||||\u00a0\u00bb link_text_color=\u00a0\u00bb#e09900&Prime; header_2_font=\u00a0\u00bb||||||||\u00a0\u00bb header_2_text_align=\u00a0\u00bbcenter\u00a0\u00bb header_2_text_color=\u00a0\u00bb#e09900&Prime; box_shadow_style=\u00a0\u00bbpreset6&Prime;]<\/p>\n<h2><span>Je t\u2019\u00e9coute,\u2026 je t\u2019entends<\/span><\/h2>\n<p>D\u00e9crypter&nbsp; notre fa\u00e7on d\u2019\u00e9couter, d\u2019entendre et de comprendre<\/p>\n<p>Analyser et accepter la r\u00e9alit\u00e9 de l\u2019autre<\/p>\n<p>Clarifier sa propre r\u00e9alit\u00e9, l\u2019accepter et l\u2019exprimer<\/p>\n<p>Trouver ensemble les points de consensus<\/p>\n<p><span style=\"font-size: 20px;\"><\/span><\/p>\n<p style=\"text-align: center;\"><span style=\"font-size: 20px;\">Pour en savoir plus , <\/span><a href=\"https:\/\/www.sensyma.com\/?page_id=967\" target=\"_blank\" rel=\"noopener noreferrer\" style=\"font-size: 20px;\">cliquez-ici&nbsp;<\/a><\/p>\n<p><span><\/span>[\/et_pb_text][\/et_pb_column][et_pb_column type=\u00a0\u00bb1_3&Prime; _builder_version=\u00a0\u00bb3.19&Prime; parallax=\u00a0\u00bboff\u00a0\u00bb parallax_method=\u00a0\u00bbon\u00a0\u00bb][\/et_pb_column][\/et_pb_row][\/et_pb_section]<\/p>\n","protected":false},"excerpt":{"rendered":"<p>[et_pb_section fb_built=\u00a0\u00bb1&Prime; _builder_version=\u00a0\u00bb3.19&Prime;][et_pb_row _builder_version=\u00a0\u00bb3.19&Prime;][et_pb_column type=\u00a0\u00bb4_4&Prime; _builder_version=\u00a0\u00bb3.19&Prime; parallax=\u00a0\u00bboff\u00a0\u00bb parallax_method=\u00a0\u00bbon\u00a0\u00bb][et_pb_text _builder_version=\u00a0\u00bb3.19&Prime; text_font=\u00a0\u00bbVesper Libre|700|||||||\u00a0\u00bb text_text_color=\u00a0\u00bb#000000&Prime; text_font_size=\u00a0\u00bb45px\u00a0\u00bb text_line_height=\u00a0\u00bb1.8em\u00a0\u00bb header_font=\u00a0\u00bb||||||||\u00a0\u00bb background_color=\u00a0\u00bb#9b9b9b\u00a0\u00bb text_orientation=\u00a0\u00bbcenter\u00a0\u00bb]Tous nos ateliers[\/et_pb_text][\/et_pb_column][\/et_pb_row][et_pb_row _builder_version=\u00a0\u00bb3.19&Prime;][et_pb_column [&hellip;]<\/p>\n","protected":false},"author":3,"featured_media":0,"parent":236,"menu_order":0,"comment_status":"closed","ping_status":"closed","template":"","meta":{"site-sidebar-layout":"default","site-content-layout":"","ast-site-content-layout":"default","site-content-style":"default","site-sidebar-style":"default","ast-global-header-display":"","ast-banner-title-visibility":"","ast-main-header-display":"","ast-hfb-above-header-display":"","ast-hfb-below-header-display":"","ast-hfb-mobile-header-display":"","site-post-title":"","ast-breadcrumbs-content":"","ast-featured-img":"","footer-sml-layout":"","ast-disable-related-posts":"","theme-transparent-header-meta":"","adv-header-id-meta":"","stick-header-meta":"","header-above-stick-meta":"","header-main-stick-meta":"","header-below-stick-meta":"","astra-migrate-meta-layouts":"default","ast-page-background-enabled":"default","ast-page-background-meta":{"desktop":{"background-color":"var(--ast-global-color-5)","background-image":"","background-repeat":"repeat","background-position":"center center","background-size":"auto","background-attachment":"scroll","background-type":"","background-media":"","overlay-type":"","overlay-color":"","overlay-opacity":"","overlay-gradient":""},"tablet":{"background-color":"","background-image":"","background-repeat":"repeat","background-position":"center center","background-size":"auto","background-attachment":"scroll","background-type":"","background-media":"","overlay-type":"","overlay-color":"","overlay-opacity":"","overlay-gradient":""},"mobile":{"background-color":"","background-image":"","background-repeat":"repeat","background-position":"center center","background-size":"auto","background-attachment":"scroll","background-type":"","background-media":"","overlay-type":"","overlay-color":"","overlay-opacity":"","overlay-gradient":""}},"ast-content-background-meta":{"desktop":{"background-color":"var(--ast-global-color-4)","background-image":"","background-repeat":"repeat","background-position":"center center","background-size":"auto","background-attachment":"scroll","background-type":"","background-media":"","overlay-type":"","overlay-color":"","overlay-opacity":"","overlay-gradient":""},"tablet":{"background-color":"var(--ast-global-color-4)","background-image":"","background-repeat":"repeat","background-position":"center center","background-size":"auto","background-attachment":"scroll","background-type":"","background-media":"","overlay-type":"","overlay-color":"","overlay-opacity":"","overlay-gradient":""},"mobile":{"background-color":"var(--ast-global-color-4)","background-image":"","background-repeat":"repeat","background-position":"center center","background-size":"auto","background-attachment":"scroll","background-type":"","background-media":"","overlay-type":"","overlay-color":"","overlay-opacity":"","overlay-gradient":""}},"footnotes":""},"class_list":["post-1960","page","type-page","status-publish","hentry"],"_links":{"self":[{"href":"https:\/\/www.sensyma.com\/index.php?rest_route=\/wp\/v2\/pages\/1960","targetHints":{"allow":["GET"]}}],"collection":[{"href":"https:\/\/www.sensyma.com\/index.php?rest_route=\/wp\/v2\/pages"}],"about":[{"href":"https:\/\/www.sensyma.com\/index.php?rest_route=\/wp\/v2\/types\/page"}],"author":[{"embeddable":true,"href":"https:\/\/www.sensyma.com\/index.php?rest_route=\/wp\/v2\/users\/3"}],"replies":[{"embeddable":true,"href":"https:\/\/www.sensyma.com\/index.php?rest_route=%2Fwp%2Fv2%2Fcomments&post=1960"}],"version-history":[{"count":40,"href":"https:\/\/www.sensyma.com\/index.php?rest_route=\/wp\/v2\/pages\/1960\/revisions"}],"predecessor-version":[{"id":2947,"href":"https:\/\/www.sensyma.com\/index.php?rest_route=\/wp\/v2\/pages\/1960\/revisions\/2947"}],"up":[{"embeddable":true,"href":"https:\/\/www.sensyma.com\/index.php?rest_route=\/wp\/v2\/pages\/236"}],"wp:attachment":[{"href":"https:\/\/www.sensyma.com\/index.php?rest_route=%2Fwp%2Fv2%2Fmedia&parent=1960"}],"curies":[{"name":"wp","href":"https:\/\/api.w.org\/{rel}","templated":true}]}}