{"id":1484,"date":"2019-10-05T08:59:25","date_gmt":"2019-10-05T06:59:25","guid":{"rendered":"http:\/\/sensyma.com\/?page_id=346"},"modified":"2020-05-10T15:48:46","modified_gmt":"2020-05-10T13:48:46","slug":"etre-femme-au-feminin","status":"publish","type":"page","link":"https:\/\/www.sensyma.com\/?page_id=1484","title":{"rendered":"\u00catre Femme au f\u00e9minin"},"content":{"rendered":"<p>[et_pb_section fb_built=\u00a0\u00bb1&Prime; _builder_version=\u00a0\u00bb3.19&Prime; custom_padding=\u00a0\u00bb0|0px|0|0px|false|false\u00a0\u00bb][et_pb_row _builder_version=\u00a0\u00bb3.19&Prime;][et_pb_column type=\u00a0\u00bb4_4&Prime; _builder_version=\u00a0\u00bb3.19&Prime; parallax=\u00a0\u00bboff\u00a0\u00bb parallax_method=\u00a0\u00bbon\u00a0\u00bb][et_pb_text _builder_version=\u00a0\u00bb3.19&Prime; text_font=\u00a0\u00bbVesper Libre||||||||\u00a0\u00bb text_text_color=\u00a0\u00bb#000000&Prime; text_font_size=\u00a0\u00bb40px\u00a0\u00bb text_orientation=\u00a0\u00bbcenter\u00a0\u00bb]Etre Femme au F\u00e9minin[\/et_pb_text][\/et_pb_column][\/et_pb_row][\/et_pb_section][et_pb_section fb_built=\u00a0\u00bb1&Prime; _builder_version=\u00a0\u00bb3.19&Prime; custom_padding=\u00a0\u00bb3px|0px|0|0px|false|false\u00a0\u00bb][et_pb_row custom_padding=\u00a0\u00bb28px|0px|13px|0px|false|false\u00a0\u00bb _builder_version=\u00a0\u00bb3.19&Prime;][et_pb_column type=\u00a0\u00bb1_2&Prime; _builder_version=\u00a0\u00bb3.19&Prime; parallax=\u00a0\u00bboff\u00a0\u00bb parallax_method=\u00a0\u00bbon\u00a0\u00bb][et_pb_image src=\u00a0\u00bbhttps:\/\/www.sensyma.com\/wp-content\/uploads\/2019\/10\/la-femme-que-je-suis.jpg\u00a0\u00bb _builder_version=\u00a0\u00bb3.19&Prime; max_width=\u00a0\u00bb50%\u00a0\u00bb][\/et_pb_image][\/et_pb_column][et_pb_column type=\u00a0\u00bb1_2&Prime; _builder_version=\u00a0\u00bb3.19&Prime; parallax=\u00a0\u00bboff\u00a0\u00bb parallax_method=\u00a0\u00bbon\u00a0\u00bb][\/et_pb_column][\/et_pb_row][\/et_pb_section][et_pb_section fb_built=\u00a0\u00bb1&Prime; _builder_version=\u00a0\u00bb3.19&Prime; custom_padding=\u00a0\u00bb0|0px|27px|0px|false|false\u00a0\u00bb][et_pb_row custom_padding=\u00a0\u00bb0|0px|13px|0px|false|false\u00a0\u00bb _builder_version=\u00a0\u00bb3.19&Prime;][et_pb_column type=\u00a0\u00bb4_4&Prime; _builder_version=\u00a0\u00bb3.19&Prime; parallax=\u00a0\u00bboff\u00a0\u00bb parallax_method=\u00a0\u00bbon\u00a0\u00bb][et_pb_text _builder_version=\u00a0\u00bb3.19&Prime;]<\/p>\n<h2><strong>Atelier 1 : La femme que je suis<\/strong><\/h2>\n<p>\u00ab On ne na\u00eet pas Femme on le devient \u00bb. Pour se lib\u00e9rer des certitudes entretenues sur votre identit\u00e9, vos valeurs et vos capacit\u00e9s. Pour explorer votre mani\u00e8re d\u2019\u00eatre et de vous r\u00e9v\u00e9ler. Pour mesurez vos conditionnements socio-culturels ; identifiez vos croyances erron\u00e9es et apaiser vos blessures.<br \/>\nRed\u00e9couvrez la Femme qui est en vous ; lib\u00e9rez votre nature profonde.<\/p>\n<p><strong>Objectif g\u00e9n\u00e9ral <em>:<\/em>&nbsp;<\/strong><span style=\"font-size: 17px;\">Se lib\u00e9rer des certitudes entretenues sur notre identit\u00e9, nos valeurs, nos capacit\u00e9s<\/span><\/p>\n<h4><span style=\"font-size: 17px;\"><strong>Au programme :&nbsp;<\/strong><\/span><\/h4>\n<ul>\n<li><span style=\"font-size: 17px;\">Identifier nos sources de conditionnement et mesurer leurs impacts<\/span><\/li>\n<li><span style=\"font-size: 17px;\">D\u00e9construire nos id\u00e9es re\u00e7ues et Mettre nos mots<\/span><span style=\"font-size: 17px;\">\u00catre Soi : limites et libert\u00e9s<\/span><\/li>\n<\/ul>\n<p><span style=\"font-size: 17px;\"><strong>Effets attendus :&nbsp;<\/strong><\/span><\/p>\n<ul>\n<li><span style=\"font-size: 17px;\">Vivre sa f\u00e9minit\u00e9 au plus pr\u00e8s de sa vraie nature en exp\u00e9rimentant de nouvelles fa\u00e7ons d\u2019\u00eatre<\/span><\/li>\n<li><span style=\"font-size: 17px;\">Lib\u00e9rer et exprimer la Femme qui est en nous<\/span><\/li>\n<\/ul>\n<p>[\/et_pb_text][\/et_pb_column][\/et_pb_row][et_pb_row _builder_version=\u00a0\u00bb3.19&Prime;][et_pb_column type=\u00a0\u00bb1_2&Prime; _builder_version=\u00a0\u00bb3.19&Prime; parallax=\u00a0\u00bboff\u00a0\u00bb parallax_method=\u00a0\u00bbon\u00a0\u00bb][et_pb_image src=\u00a0\u00bbhttps:\/\/www.sensyma.com\/wp-content\/uploads\/2019\/10\/la-femme-que-je-veux-\u00eatre.jpg\u00a0\u00bb _builder_version=\u00a0\u00bb3.19&Prime; max_width=\u00a0\u00bb50%\u00a0\u00bb][\/et_pb_image][\/et_pb_column][et_pb_column type=\u00a0\u00bb1_2&Prime; _builder_version=\u00a0\u00bb3.19&Prime; parallax=\u00a0\u00bboff\u00a0\u00bb parallax_method=\u00a0\u00bbon\u00a0\u00bb][\/et_pb_column][\/et_pb_row][et_pb_row _builder_version=\u00a0\u00bb3.19&Prime; custom_padding=\u00a0\u00bb1px|0px|27px|0px|false|false\u00a0\u00bb][et_pb_column type=\u00a0\u00bb4_4&Prime; _builder_version=\u00a0\u00bb3.19&Prime; parallax=\u00a0\u00bboff\u00a0\u00bb parallax_method=\u00a0\u00bbon\u00a0\u00bb][et_pb_text _builder_version=\u00a0\u00bb3.19&Prime; text_font=\u00a0\u00bbVesper Libre|700|||||||\u00a0\u00bb text_text_color=\u00a0\u00bb#000000&Prime; text_font_size=\u00a0\u00bb26px\u00a0\u00bb]Atelier 2 : La femme que je veux \u00eatre[\/et_pb_text][\/et_pb_column][\/et_pb_row][et_pb_row _builder_version=\u00a0\u00bb3.19&Prime; custom_padding=\u00a0\u00bb0|0px|27px|0px|false|false\u00a0\u00bb][et_pb_column type=\u00a0\u00bb4_4&Prime; _builder_version=\u00a0\u00bb3.19&Prime; parallax=\u00a0\u00bboff\u00a0\u00bb parallax_method=\u00a0\u00bbon\u00a0\u00bb][et_pb_text _builder_version=\u00a0\u00bb3.19&Prime; text_font=\u00a0\u00bbVesper Libre||||||||\u00a0\u00bb text_font_size=\u00a0\u00bb18px\u00a0\u00bb text_line_height=\u00a0\u00bb1.8em\u00a0\u00bb]<\/p>\n<p>Pour passer d\u2019une image construite \u00e0 une image voulue. Diriez-vous que vous \u00eates une Adulte, une Femme, autonome, responsable de ses choix de vie et libre de ses actes\u2026 Oui !!! Vous \u00eates donc :&nbsp;en capacit\u00e9 de d\u00e9limiter votre place de s\u0153ur, de circonscrire votre r\u00f4le d\u2019\u00e9pouse, de r\u00e9v\u00e9ler l\u2019amante qui est en vous, de clarifier votre r\u00f4le de m\u00e8re, d\u2019exprimer votre professionnalisme au f\u00e9minin, bref, de sp\u00e9cifier votre place de Femme,en capacit\u00e9 d\u2019exprimer vos sentiments, de vous inscrire dans un projet de vie&#8230; en capacit\u00e9 d\u2019\u00eatre la Femme que vous avez d\u00e9cid\u00e9e d\u2019\u00eatre<br \/>\nPas tout \u00e0 fait\u2026. Alors, cet atelier est pour vous<\/p>\n<p><strong>Objectif g\u00e9n\u00e9ral :<\/strong><br \/>\nPasser d\u2019une image construite \u00e0 une image voulue<\/p>\n<p><strong>Au programme<\/strong><br \/>\nSe recentrer sur Soi pour avoir conscience de Soi<br \/>\nD\u00e9velopper la repr\u00e9sentation de Soi<br \/>\nFemme, r\u00e9ussite professionnelle et projet de vie<\/p>\n<p><strong>Effets attendus :<\/strong><br \/>\nVivre l\u2019\u00e9volution de Sa F\u00e9minit\u00e9, dans toutes les situations de la vie quotidienne, en commen\u00e7ant par des actes simples et volontaires.<\/p>\n<p>[\/et_pb_text][\/et_pb_column][\/et_pb_row][et_pb_row _builder_version=\u00a0\u00bb3.19&Prime;][et_pb_column type=\u00a0\u00bb1_2&Prime; _builder_version=\u00a0\u00bb3.19&Prime; parallax=\u00a0\u00bboff\u00a0\u00bb parallax_method=\u00a0\u00bbon\u00a0\u00bb][et_pb_image src=\u00a0\u00bbhttps:\/\/www.sensyma.com\/wp-content\/uploads\/2019\/10\/femme-et-estime-de-soi.jpg\u00a0\u00bb _builder_version=\u00a0\u00bb3.19&Prime; max_width=\u00a0\u00bb50%\u00a0\u00bb][\/et_pb_image][\/et_pb_column][et_pb_column type=\u00a0\u00bb1_2&Prime; _builder_version=\u00a0\u00bb3.19&Prime; parallax=\u00a0\u00bboff\u00a0\u00bb parallax_method=\u00a0\u00bbon\u00a0\u00bb][\/et_pb_column][\/et_pb_row][et_pb_row _builder_version=\u00a0\u00bb3.19&Prime; custom_padding=\u00a0\u00bb4px|0px|27px|0px|false|false\u00a0\u00bb][et_pb_column type=\u00a0\u00bb4_4&Prime; _builder_version=\u00a0\u00bb3.19&Prime; parallax=\u00a0\u00bboff\u00a0\u00bb parallax_method=\u00a0\u00bbon\u00a0\u00bb][et_pb_text _builder_version=\u00a0\u00bb3.19&Prime; text_font=\u00a0\u00bbVesper Libre|700|||||||\u00a0\u00bb text_text_color=\u00a0\u00bb#000000&Prime; text_font_size=\u00a0\u00bb25px\u00a0\u00bb]Atelier 3 : F\u00e9minit\u00e9 et Estime de soi[\/et_pb_text][\/et_pb_column][\/et_pb_row][et_pb_row _builder_version=\u00a0\u00bb3.19&Prime; custom_padding=\u00a0\u00bb0|0px|27px|0px|false|false\u00a0\u00bb][et_pb_column type=\u00a0\u00bb4_4&Prime; _builder_version=\u00a0\u00bb3.19&Prime; parallax=\u00a0\u00bboff\u00a0\u00bb parallax_method=\u00a0\u00bbon\u00a0\u00bb][et_pb_text _builder_version=\u00a0\u00bb3.19&Prime; text_font=\u00a0\u00bbVesper Libre||||||||\u00a0\u00bb text_font_size=\u00a0\u00bb18px\u00a0\u00bb text_line_height=\u00a0\u00bb1.8em\u00a0\u00bb text_orientation=\u00a0\u00bbjustified\u00a0\u00bb]<\/p>\n<p>\u00ab L\u2019estime de Soi c\u2019est la r\u00e9putation que l\u2019on a de soi-m\u00eame \u00bb a dit Nathaniel Branden<br \/>\nPour \u00e9valuer l\u2019estime que nous avons de nous-m\u00eame par l\u2019exploration de notre image int\u00e9rieure. Pour reconnaitre notre singularit\u00e9. Pour conscientiser, exploiter nos \u00e9checs, nos r\u00e9ussites et capitaliser toutes nos exp\u00e9riences ;<br \/>\nPour restaurer, soutenir et renforcer l\u2019estime que nous nous portons ;<br \/>\nPour \u00catre Femme, nous \u00e9valuer avec valeur et faire confiance \u00e0 notre F\u00e9minin ; nous reconna\u00eetre et nous accepter dans notre singularit\u00e9.<br \/>\nL\u2019aventure vous tente\u2026<\/p>\n<p><strong>Objectif g\u00e9n\u00e9ral :<\/strong><br \/>\nPour \u00catre Femme, nous \u00e9valuer avec valeur, nous reconnaitre, accepter notre singularit\u00e9 et faire confiance \u00e0 notre F\u00e9minin.<\/p>\n<p><strong>Au programme<\/strong><br \/>\n\u00catre une femme en plusieurs facettes<br \/>\nPlacer sa f\u00e9minit\u00e9 dans son Image Int\u00e9rieure (sensibilit\u00e9, intimit\u00e9, relation au corps)<br \/>\nSuivre son mouvement naturel<\/p>\n<p><strong>R\u00e9sultats attendus :<\/strong><br \/>\nParler de Soi avec valeur. Mobiliser son potentiel dans toutes les situations probl\u00e9matiques.<\/p>\n<p>[\/et_pb_text][\/et_pb_column][\/et_pb_row][et_pb_row _builder_version=\u00a0\u00bb3.19&Prime;][et_pb_column type=\u00a0\u00bb1_2&Prime; _builder_version=\u00a0\u00bb3.19&Prime; parallax=\u00a0\u00bboff\u00a0\u00bb parallax_method=\u00a0\u00bbon\u00a0\u00bb][et_pb_image src=\u00a0\u00bbhttps:\/\/www.sensyma.com\/wp-content\/uploads\/2019\/10\/femme-et-affirmation-de-soi.jpg\u00a0\u00bb _builder_version=\u00a0\u00bb3.19&Prime; max_width=\u00a0\u00bb50%\u00a0\u00bb][\/et_pb_image][\/et_pb_column][et_pb_column type=\u00a0\u00bb1_2&Prime; _builder_version=\u00a0\u00bb3.19&Prime; parallax=\u00a0\u00bboff\u00a0\u00bb parallax_method=\u00a0\u00bbon\u00a0\u00bb][\/et_pb_column][\/et_pb_row][et_pb_row _builder_version=\u00a0\u00bb3.19&Prime; custom_padding=\u00a0\u00bb4px|0px|1px|0px|false|false\u00a0\u00bb][et_pb_column type=\u00a0\u00bb4_4&Prime; _builder_version=\u00a0\u00bb3.19&Prime; parallax=\u00a0\u00bboff\u00a0\u00bb parallax_method=\u00a0\u00bbon\u00a0\u00bb][et_pb_text _builder_version=\u00a0\u00bb3.19&Prime; text_font=\u00a0\u00bbVesper Libre|700|||||||\u00a0\u00bb text_text_color=\u00a0\u00bb#000000&Prime; text_font_size=\u00a0\u00bb25px\u00a0\u00bb]Atelier 4 : F\u00e9minit\u00e9 et Affirmation de soi[\/et_pb_text][\/et_pb_column][\/et_pb_row][et_pb_row _builder_version=\u00a0\u00bb3.19&Prime;][et_pb_column type=\u00a0\u00bb4_4&Prime; _builder_version=\u00a0\u00bb3.19&Prime; parallax=\u00a0\u00bboff\u00a0\u00bb parallax_method=\u00a0\u00bbon\u00a0\u00bb][et_pb_text _builder_version=\u00a0\u00bb3.19&Prime; text_font=\u00a0\u00bbVesper Libre||||||||\u00a0\u00bb text_font_size=\u00a0\u00bb18px\u00a0\u00bb text_line_height=\u00a0\u00bb1.8em\u00a0\u00bb text_orientation=\u00a0\u00bbjustified\u00a0\u00bb]Il y a autant d\u2019expression de la f\u00e9minit\u00e9 qu\u2019il y a de femmes. Cette pluralit\u00e9 de modes d\u2019expression dans la vie priv\u00e9e, professionnelle, sociale, fait la richesse des femmes et la force du leadership f\u00e9minin.<br \/>\nExprimer sa F\u00e9minit\u00e9 sans qualit\u00e9s masculines est le nouveau d\u00e9fi auquel est confront\u00e9e la femme contemporaine.<br \/>\nNous vous proposons des ateliers pour :<br \/>\n\u2022 Placer sa f\u00e9minit\u00e9, dans son image ext\u00e9rieure, dans sa vie priv\u00e9e, personnelle et professionnelle.<br \/>\n\u2022 Oser \u00eatre soi-m\u00eame et prendre sa place<br \/>\n\u2022 D\u00e9cider de ce que l\u2019on donne \u00e0 voir : allure vestimentaire, comportement, prise de parole, relation aux autres,\u2026<br \/>\nL\u2019aventure vous tente\u2026<\/p>\n<p><strong>Objectif g\u00e9n\u00e9ral :<\/strong><br \/>\nam\u00e9liorer sa communication verbale et non-verbale. Se respecter et respecter l\u2019autre<\/p>\n<p><strong>Au programme :<\/strong><br \/>\nPlacer sa f\u00e9minit\u00e9 dans son image ext\u00e9rieure dans sa vie priv\u00e9e, personnelle et professionnelle<br \/>\nD\u00e9cider de ce que l\u2019on donne \u00e0 voir : allure vestimentaire, comportement, prise de parole relation aux autres,\u2026<br \/>\nSe respecter et respecter l\u2019autre<\/p>\n<p><strong>R\u00e9sultats attendus :<\/strong><br \/>\nGagner en naturel et en authenticit\u00e9 dans ses rapports avec autrui; Prendre sa place ;Oser \u00eatre soi-m\u00eame[\/et_pb_text][\/et_pb_column][\/et_pb_row][\/et_pb_section][et_pb_section fb_built=\u00a0\u00bb1&Prime; _builder_version=\u00a0\u00bb3.19&Prime; custom_padding=\u00a0\u00bb0|0px|40px|0px|false|false\u00a0\u00bb][et_pb_row _builder_version=\u00a0\u00bb3.19&Prime;][et_pb_column type=\u00a0\u00bb4_4&Prime; _builder_version=\u00a0\u00bb3.19&Prime; parallax=\u00a0\u00bboff\u00a0\u00bb parallax_method=\u00a0\u00bbon\u00a0\u00bb][et_pb_text _builder_version=\u00a0\u00bb3.19&Prime; text_font=\u00a0\u00bbVesper Libre|700|||||||\u00a0\u00bb text_text_color=\u00a0\u00bb#000000&Prime; text_font_size=\u00a0\u00bb25px\u00a0\u00bb text_line_height=\u00a0\u00bb1.8em\u00a0\u00bb background_color=\u00a0\u00bb#cecece\u00a0\u00bb text_orientation=\u00a0\u00bbcenter\u00a0\u00bb]Modalit\u00e9s de participation[\/et_pb_text][\/et_pb_column][\/et_pb_row][et_pb_row _builder_version=\u00a0\u00bb3.19&Prime; custom_padding=\u00a0\u00bb0|0px|27px|0px|false|false\u00a0\u00bb][et_pb_column type=\u00a0\u00bb4_4&Prime; _builder_version=\u00a0\u00bb3.19&Prime; parallax=\u00a0\u00bboff\u00a0\u00bb parallax_method=\u00a0\u00bbon\u00a0\u00bb][et_pb_text _builder_version=\u00a0\u00bb3.19&Prime; text_font=\u00a0\u00bbVesper Libre||||||||\u00a0\u00bb text_font_size=\u00a0\u00bb18px\u00a0\u00bb]<\/p>\n<p><strong>Pr\u00e9 requis :<\/strong><br \/>\nVolont\u00e9 de s\u2019impliquer personnellement et \u00e9motionnellement<\/p>\n<p><strong>Public :<\/strong><br \/>\nToutes les femmes d\u00e9sireuses de r\u00e9fl\u00e9chir au concept de \u00ab f\u00e9minit\u00e9 \u00bb, de d\u00e9finir ou retrouver leur propre f\u00e9minit\u00e9. Maximum 8 personnes.<\/p>\n<p><strong>Dur\u00e9e :<\/strong><br \/>\n2 jours (le week-end en p\u00e9riode scolaire). Du samedi de 10h \u00e0 18h au dimanche de 9h \u00e0 16 h30 \u2013 Accueil \u00e0 9h30<\/p>\n<p><strong>Prix :<\/strong><br \/>\n130 euros par personne \u2013 50 euros \u00e0 l&rsquo;inscription (payable en ligne).<\/p>\n<p><strong>Lieu<\/strong> : A pr\u00e9ciser<\/p>\n<p><strong>Formateur \u2013 Animateur :<\/strong><br \/>\nLes ateliers sont anim\u00e9s par Line LICAN \u2013 Psychologue \u2013 Psycho g\u00e9n\u00e9alogiste \u2013 Constellatrice Familiale Syst\u00e9mique \u2013 Coach de vie .<\/p>\n<p>[\/et_pb_text][\/et_pb_column][\/et_pb_row][\/et_pb_section][et_pb_section fb_built=\u00a0\u00bb1&Prime; _builder_version=\u00a0\u00bb3.19&Prime; custom_padding=\u00a0\u00bb1px|0px|2px|0px|false|false\u00a0\u00bb][et_pb_row _builder_version=\u00a0\u00bb3.19&Prime; custom_padding=\u00a0\u00bb0|0px|2px|0px|false|false\u00a0\u00bb][et_pb_column type=\u00a0\u00bb4_4&Prime; _builder_version=\u00a0\u00bb3.19&Prime; parallax=\u00a0\u00bboff\u00a0\u00bb parallax_method=\u00a0\u00bbon\u00a0\u00bb][et_pb_divider _builder_version=\u00a0\u00bb3.19&Prime;][\/et_pb_divider][\/et_pb_column][\/et_pb_row][\/et_pb_section][et_pb_section fb_built=\u00a0\u00bb1&Prime; _builder_version=\u00a0\u00bb3.19&Prime;][et_pb_row _builder_version=\u00a0\u00bb3.19&Prime;][et_pb_column type=\u00a0\u00bb1_3&Prime; _builder_version=\u00a0\u00bb3.19&Prime; parallax=\u00a0\u00bboff\u00a0\u00bb parallax_method=\u00a0\u00bbon\u00a0\u00bb][et_pb_button url_new_window=\u00a0\u00bbon\u00a0\u00bb button_text=\u00a0\u00bbS&rsquo;inscrire\u00a0\u00bb _builder_version=\u00a0\u00bb3.19&Prime; box_shadow_style=\u00a0\u00bbpreset2&Prime; box_shadow_color=\u00a0\u00bb#000000&Prime; button_url=\u00a0\u00bbhttps:\/\/www.sensyma.com\/?page_id=1426&Prime;][\/et_pb_button][\/et_pb_column][et_pb_column type=\u00a0\u00bb1_3&Prime; _builder_version=\u00a0\u00bb3.19&Prime; parallax=\u00a0\u00bboff\u00a0\u00bb parallax_method=\u00a0\u00bbon\u00a0\u00bb][et_pb_button button_url=\u00a0\u00bbhttps:\/\/www.sensyma.com\/?page_id=2329&Prime; url_new_window=\u00a0\u00bbon\u00a0\u00bb button_text=\u00a0\u00bbPayer en ligne\u00a0\u00bb _builder_version=\u00a0\u00bb3.19&Prime; box_shadow_style=\u00a0\u00bbpreset2&Prime; box_shadow_color=\u00a0\u00bb#000000&Prime;][\/et_pb_button][\/et_pb_column][et_pb_column type=\u00a0\u00bb1_3&Prime; _builder_version=\u00a0\u00bb3.19&Prime; parallax=\u00a0\u00bboff\u00a0\u00bb parallax_method=\u00a0\u00bbon\u00a0\u00bb][et_pb_button button_url=\u00a0\u00bbhttps:\/\/www.sensyma.com\/?page_id=1960&Prime; url_new_window=\u00a0\u00bbon\u00a0\u00bb button_text=\u00a0\u00bbTous nos ateliers\u00a0\u00bb _builder_version=\u00a0\u00bb3.19&Prime; box_shadow_style=\u00a0\u00bbpreset2&Prime; box_shadow_color=\u00a0\u00bb#000000&Prime;][\/et_pb_button][\/et_pb_column][\/et_pb_row][\/et_pb_section][et_pb_section fb_built=\u00a0\u00bb1&Prime; _builder_version=\u00a0\u00bb3.19&Prime;][\/et_pb_section]<\/p>\n","protected":false},"excerpt":{"rendered":"<p>[et_pb_section fb_built=\u00a0\u00bb1&Prime; _builder_version=\u00a0\u00bb3.19&Prime; custom_padding=\u00a0\u00bb0|0px|0|0px|false|false\u00a0\u00bb][et_pb_row _builder_version=\u00a0\u00bb3.19&Prime;][et_pb_column type=\u00a0\u00bb4_4&Prime; _builder_version=\u00a0\u00bb3.19&Prime; parallax=\u00a0\u00bboff\u00a0\u00bb parallax_method=\u00a0\u00bbon\u00a0\u00bb][et_pb_text _builder_version=\u00a0\u00bb3.19&Prime; text_font=\u00a0\u00bbVesper Libre||||||||\u00a0\u00bb text_text_color=\u00a0\u00bb#000000&Prime; text_font_size=\u00a0\u00bb40px\u00a0\u00bb text_orientation=\u00a0\u00bbcenter\u00a0\u00bb]Etre Femme au F\u00e9minin[\/et_pb_text][\/et_pb_column][\/et_pb_row][\/et_pb_section][et_pb_section fb_built=\u00a0\u00bb1&Prime; _builder_version=\u00a0\u00bb3.19&Prime; [&hellip;]<\/p>\n","protected":false},"author":3,"featured_media":0,"parent":236,"menu_order":0,"comment_status":"closed","ping_status":"closed","template":"","meta":{"site-sidebar-layout":"default","site-content-layout":"","ast-site-content-layout":"default","site-content-style":"default","site-sidebar-style":"default","ast-global-header-display":"","ast-banner-title-visibility":"","ast-main-header-display":"","ast-hfb-above-header-display":"","ast-hfb-below-header-display":"","ast-hfb-mobile-header-display":"","site-post-title":"","ast-breadcrumbs-content":"","ast-featured-img":"","footer-sml-layout":"","ast-disable-related-posts":"","theme-transparent-header-meta":"","adv-header-id-meta":"","stick-header-meta":"","header-above-stick-meta":"","header-main-stick-meta":"","header-below-stick-meta":"","astra-migrate-meta-layouts":"default","ast-page-background-enabled":"default","ast-page-background-meta":{"desktop":{"background-color":"var(--ast-global-color-5)","background-image":"","background-repeat":"repeat","background-position":"center center","background-size":"auto","background-attachment":"scroll","background-type":"","background-media":"","overlay-type":"","overlay-color":"","overlay-opacity":"","overlay-gradient":""},"tablet":{"background-color":"","background-image":"","background-repeat":"repeat","background-position":"center center","background-size":"auto","background-attachment":"scroll","background-type":"","background-media":"","overlay-type":"","overlay-color":"","overlay-opacity":"","overlay-gradient":""},"mobile":{"background-color":"","background-image":"","background-repeat":"repeat","background-position":"center center","background-size":"auto","background-attachment":"scroll","background-type":"","background-media":"","overlay-type":"","overlay-color":"","overlay-opacity":"","overlay-gradient":""}},"ast-content-background-meta":{"desktop":{"background-color":"var(--ast-global-color-4)","background-image":"","background-repeat":"repeat","background-position":"center center","background-size":"auto","background-attachment":"scroll","background-type":"","background-media":"","overlay-type":"","overlay-color":"","overlay-opacity":"","overlay-gradient":""},"tablet":{"background-color":"var(--ast-global-color-4)","background-image":"","background-repeat":"repeat","background-position":"center center","background-size":"auto","background-attachment":"scroll","background-type":"","background-media":"","overlay-type":"","overlay-color":"","overlay-opacity":"","overlay-gradient":""},"mobile":{"background-color":"var(--ast-global-color-4)","background-image":"","background-repeat":"repeat","background-position":"center center","background-size":"auto","background-attachment":"scroll","background-type":"","background-media":"","overlay-type":"","overlay-color":"","overlay-opacity":"","overlay-gradient":""}},"footnotes":""},"class_list":["post-1484","page","type-page","status-publish","hentry"],"_links":{"self":[{"href":"https:\/\/www.sensyma.com\/index.php?rest_route=\/wp\/v2\/pages\/1484","targetHints":{"allow":["GET"]}}],"collection":[{"href":"https:\/\/www.sensyma.com\/index.php?rest_route=\/wp\/v2\/pages"}],"about":[{"href":"https:\/\/www.sensyma.com\/index.php?rest_route=\/wp\/v2\/types\/page"}],"author":[{"embeddable":true,"href":"https:\/\/www.sensyma.com\/index.php?rest_route=\/wp\/v2\/users\/3"}],"replies":[{"embeddable":true,"href":"https:\/\/www.sensyma.com\/index.php?rest_route=%2Fwp%2Fv2%2Fcomments&post=1484"}],"version-history":[{"count":9,"href":"https:\/\/www.sensyma.com\/index.php?rest_route=\/wp\/v2\/pages\/1484\/revisions"}],"predecessor-version":[{"id":2413,"href":"https:\/\/www.sensyma.com\/index.php?rest_route=\/wp\/v2\/pages\/1484\/revisions\/2413"}],"up":[{"embeddable":true,"href":"https:\/\/www.sensyma.com\/index.php?rest_route=\/wp\/v2\/pages\/236"}],"wp:attachment":[{"href":"https:\/\/www.sensyma.com\/index.php?rest_route=%2Fwp%2Fv2%2Fmedia&parent=1484"}],"curies":[{"name":"wp","href":"https:\/\/api.w.org\/{rel}","templated":true}]}}