{"id":1053,"date":"2019-01-24T18:42:53","date_gmt":"2019-01-24T17:42:53","guid":{"rendered":"http:\/\/www.sensyma.com\/?page_id=1053"},"modified":"2019-10-06T19:38:58","modified_gmt":"2019-10-06T17:38:58","slug":"sensyma-une-aventure-a-la-conquete-de-soi-meme","status":"publish","type":"page","link":"https:\/\/www.sensyma.com\/?page_id=1053","title":{"rendered":"Sensyma\u2026 Une aventure \u00e0 la conqu\u00eate de Soi-m\u00eame !"},"content":{"rendered":"[et_pb_section admin_label=\u00a0\u00bbsection\u00a0\u00bb]\n\t\t[et_pb_row admin_label=\u00a0\u00bbrow\u00a0\u00bb]\n\t\t\t[et_pb_column type=\u00a0\u00bb4_4&Prime;][et_pb_text admin_label=\u00a0\u00bbText\u00a0\u00bb]\t\t\n\t\t\t<h2>Sensyma\u2026 Une aventure \u00e0 la conqu\u00eate de Soi-m\u00eame !\n<\/h2>\t\t\n\t\t\t\t\t\t\t\t\t\t<img loading=\"lazy\" decoding=\"async\" width=\"592\" height=\"290\" src=\"https:\/\/www.sensyma.com\/wp-content\/uploads\/2018\/12\/Logo_Lib3-e1545093580534.png\" alt=\"\" srcset=\"https:\/\/www.sensyma.com\/wp-content\/uploads\/2018\/12\/Logo_Lib3-e1545093580534.png 592w, https:\/\/www.sensyma.com\/wp-content\/uploads\/2018\/12\/Logo_Lib3-e1545093580534-300x147.png 300w\" sizes=\"auto, (max-width: 592px) 100vw, 592px\" \/>\t\t\t\t\t\t\t\t\t\t\t\n\t\t<p>\u00a0<\/p>\n<p><strong>Sensyma est un accompagnement o\u00f9 tout se combine\u00a0: pass\u00e9 et pr\u00e9sent, spiritualit\u00e9 et mat\u00e9rialit\u00e9, masculin et f\u00e9minin, sagesse et audace, sciences humaines et sciences techniques, \u2026<\/strong><\/p>\n<ul>\n<li>Notre objectif est de vous aider \u00e0 TROUVER LE SENS et \u00e0 l\u2019inscrire avec MATURITE dans votre quotidien.<\/li>\n<li>Notre accompagnement se construit \u00e0 partir de l\u2019image que vous vous faites de votre pr\u00e9sent. Nous b\u00e2tissons, ensemble, un <strong>parcours de transformation<\/strong>, \u00e9tabli \u00e0 partir de l\u2019objectif\u00a0 \u00e0 atteindre et de l\u2019\u00e9valuation de vos besoins. Par notre <strong>approche pluridisciplinaire<\/strong>, nous combinons plusieurs techniques. Ainsi nous appliquons la m\u00e9thode la plus adapt\u00e9e \u00e0 la r\u00e9solution de chacun des probl\u00e8mes \u00e0 traiter\u00a0:<\/li>\n<li>La syst\u00e9mie<strong>, <\/strong>pour comprendre notre relationnel et trouver \u00ab\u00a0la juste place\u00a0\u00bb quel que soit l\u2019environnement\u00a0;<\/li>\n<li>La Psycho g\u00e9n\u00e9alogie, pour \u00e9clairer les histoires du pass\u00e9 ancestral qui impactent notre pr\u00e9sent et nous en lib\u00e9rer\u00a0;<\/li>\n<li>Le Coaching<strong>,<\/strong> pour se\u00a0reconna\u00eetre, s\u2019accepter.\u00a0Pour <strong>Agir<\/strong> ce \u00e0 quoi on aspire et \u00a0<strong>Vivre<\/strong> ce que l\u2019on d\u00e9sire\u00a0;<\/li>\n<li>La ma\u00efeutique<strong>,<\/strong> technique de questionnement qui aide \u00e0 verbaliser les \u00e9motions, les ressentis, \u00e0 faire exprimer les besoins tus\u00a0 et les envies cach\u00e9es.<\/li>\n<li>Les Constellations familiales et syst\u00e9miques, par la mise en sc\u00e8ne d\u2019une probl\u00e9matique, qui ouvre \u00e0 de nouvelles compr\u00e9hensions et propose des solutions.<\/li>\n<\/ul>\n<p>\u00a0<\/p>\n<h2>\u00a0<\/h2>\n<ul>\n<li><strong>Sensyma, c\u2019est aussi un accompagnement \u00e0 2 voix, un Homme et une Femme. \u00a0<\/strong><\/li>\n<\/ul>\n<p>2 intervenants,\u00a0 riches de leurs diff\u00e9rences et constructifs par leur compl\u00e9mentarit\u00e9.\u00a0 Elle, form\u00e9e aux sciences humaines et sociales. Lui, form\u00e9 au management, \u00e0 la conduite de projets et de chantiers. Les deux sont coach de vie.<\/p>\n<p>Ils b\u00e9n\u00e9ficient, chacun, d\u2019une exp\u00e9rience professionnelle, de cadres et de managers, dans des secteurs d\u2019activit\u00e9 aux cultures diff\u00e9rentes. Un \u00e9cart d\u2019\u00e2ge de 30 ans les ancre dans leur authenticit\u00e9. Elle, enrobe son expertise de la bienveillance et de la sagesse issues de ces exp\u00e9riences de vie. Lui, vous booste avec tol\u00e9rance et fermet\u00e9, m\u00e9langeant r\u00e9alisme et audace \u00a0pour vous amener \u00e0 cr\u00e9er votre Avenir en concr\u00e9tisant vos r\u00eaves. \u00a0<\/p>\n<p>\u00a0<\/p>\n<p style=\"text-align: center;\">Pour vous accompagner \u00e0 D\u00e9finir l\u2019Essentiel et D\u00e9cider ce que vous voulez pour votre vie<\/p>\n<p><img loading=\"lazy\" decoding=\"async\" src=\"https:\/\/www.sensyma.com\/wp-content\/uploads\/2018\/12\/Logo_Lib3-e1545093580534-300x147.png\" alt=\"\" width=\"227\" height=\"111\" \/><\/p>\n<p style=\"text-align: center;\">Une aventure \u00e0 la conqu\u00eate de Soi- m\u2018Aime !<\/p>\n<p>\u00a0<\/p>[\/et_pb_text][\/et_pb_column]\n\t\t[\/et_pb_row]\n\t[\/et_pb_section]","protected":false},"excerpt":{"rendered":"<p>[et_pb_section admin_label=\u00a0\u00bbsection\u00a0\u00bb] [et_pb_row admin_label=\u00a0\u00bbrow\u00a0\u00bb] [et_pb_column type=\u00a0\u00bb4_4&Prime;][et_pb_text admin_label=\u00a0\u00bbText\u00a0\u00bb] Sensyma\u2026 Une aventure \u00e0 la conqu\u00eate de Soi-m\u00eame ! \u00a0 Sensyma est un [&hellip;]<\/p>\n","protected":false},"author":3,"featured_media":104,"parent":0,"menu_order":0,"comment_status":"closed","ping_status":"closed","template":"","meta":{"site-sidebar-layout":"default","site-content-layout":"","ast-site-content-layout":"default","site-content-style":"default","site-sidebar-style":"default","ast-global-header-display":"","ast-banner-title-visibility":"","ast-main-header-display":"","ast-hfb-above-header-display":"","ast-hfb-below-header-display":"","ast-hfb-mobile-header-display":"","site-post-title":"","ast-breadcrumbs-content":"","ast-featured-img":"","footer-sml-layout":"","ast-disable-related-posts":"","theme-transparent-header-meta":"","adv-header-id-meta":"","stick-header-meta":"","header-above-stick-meta":"","header-main-stick-meta":"","header-below-stick-meta":"","astra-migrate-meta-layouts":"default","ast-page-background-enabled":"default","ast-page-background-meta":{"desktop":{"background-color":"var(--ast-global-color-5)","background-image":"","background-repeat":"repeat","background-position":"center center","background-size":"auto","background-attachment":"scroll","background-type":"","background-media":"","overlay-type":"","overlay-color":"","overlay-opacity":"","overlay-gradient":""},"tablet":{"background-color":"","background-image":"","background-repeat":"repeat","background-position":"center center","background-size":"auto","background-attachment":"scroll","background-type":"","background-media":"","overlay-type":"","overlay-color":"","overlay-opacity":"","overlay-gradient":""},"mobile":{"background-color":"","background-image":"","background-repeat":"repeat","background-position":"center center","background-size":"auto","background-attachment":"scroll","background-type":"","background-media":"","overlay-type":"","overlay-color":"","overlay-opacity":"","overlay-gradient":""}},"ast-content-background-meta":{"desktop":{"background-color":"var(--ast-global-color-4)","background-image":"","background-repeat":"repeat","background-position":"center center","background-size":"auto","background-attachment":"scroll","background-type":"","background-media":"","overlay-type":"","overlay-color":"","overlay-opacity":"","overlay-gradient":""},"tablet":{"background-color":"var(--ast-global-color-4)","background-image":"","background-repeat":"repeat","background-position":"center center","background-size":"auto","background-attachment":"scroll","background-type":"","background-media":"","overlay-type":"","overlay-color":"","overlay-opacity":"","overlay-gradient":""},"mobile":{"background-color":"var(--ast-global-color-4)","background-image":"","background-repeat":"repeat","background-position":"center center","background-size":"auto","background-attachment":"scroll","background-type":"","background-media":"","overlay-type":"","overlay-color":"","overlay-opacity":"","overlay-gradient":""}},"footnotes":""},"class_list":["post-1053","page","type-page","status-publish","has-post-thumbnail","hentry"],"_links":{"self":[{"href":"https:\/\/www.sensyma.com\/index.php?rest_route=\/wp\/v2\/pages\/1053","targetHints":{"allow":["GET"]}}],"collection":[{"href":"https:\/\/www.sensyma.com\/index.php?rest_route=\/wp\/v2\/pages"}],"about":[{"href":"https:\/\/www.sensyma.com\/index.php?rest_route=\/wp\/v2\/types\/page"}],"author":[{"embeddable":true,"href":"https:\/\/www.sensyma.com\/index.php?rest_route=\/wp\/v2\/users\/3"}],"replies":[{"embeddable":true,"href":"https:\/\/www.sensyma.com\/index.php?rest_route=%2Fwp%2Fv2%2Fcomments&post=1053"}],"version-history":[{"count":6,"href":"https:\/\/www.sensyma.com\/index.php?rest_route=\/wp\/v2\/pages\/1053\/revisions"}],"predecessor-version":[{"id":1748,"href":"https:\/\/www.sensyma.com\/index.php?rest_route=\/wp\/v2\/pages\/1053\/revisions\/1748"}],"wp:featuredmedia":[{"embeddable":true,"href":"https:\/\/www.sensyma.com\/index.php?rest_route=\/wp\/v2\/media\/104"}],"wp:attachment":[{"href":"https:\/\/www.sensyma.com\/index.php?rest_route=%2Fwp%2Fv2%2Fmedia&parent=1053"}],"curies":[{"name":"wp","href":"https:\/\/api.w.org\/{rel}","templated":true}]}}